 prime factors of 97171?
97171
List the prime factors of 16818022.
2, 13, 173, 3739
What are the prime factors of 169879?
19, 8941
List the prime factors of 200388.
2, 3, 16699
List the prime factors of 862639.
59, 14621
What are the prime factors of 7401645?
3, 5, 109, 503
What are the prime factors of 528959?
83, 6373
List the prime factors of 201638.
2, 41, 2459
What are the prime factors of 222042?
2, 3, 23, 1609
List the prime factors of 1844841.
3, 31, 83, 239
List the prime factors of 84776.
2, 10597
What are the prime factors of 5194337?
5194337
List the prime factors of 1346411.
11, 122401
What are the prime factors of 6057256?
2, 757157
What are the prime factors of 822124?
2, 47, 4373
List the prime factors of 56583.
3, 6287
List the prime factors of 883241.
883241
List the prime factors of 1105566.
2, 3, 7, 11, 2393
List the prime factors of 1191587.
271, 4397
List the prime factors of 4585437.
3, 169831
List the prime factors of 763560.
2, 3, 5, 7, 101
List the prime factors of 18579388.
2, 661, 7027
What are the prime factors of 174374?
2, 87187
What are the prime factors of 1029867?
3, 343289
List the prime factors of 370152.
2, 3, 53, 97
What are the prime factors of 38282585?
5, 11, 63277
What are the prime factors of 18492294?
2, 3, 17, 181297
What are the prime factors of 131286?
2, 3, 21881
List the prime factors of 9540652.
2, 11, 29, 7477
List the prime factors of 1694836.
2, 11, 13, 2963
What are the prime factors of 344086?
2, 43, 4001
List the prime factors of 559688.
2, 43, 1627
What are the prime factors of 4726914?
2, 3, 23, 34253
What are the prime factors of 23744689?
53, 448013
What are the prime factors of 165752?
2, 20719
What are the prime factors of 2043934?
2, 587, 1741
List the prime factors of 2820049.
71, 39719
What are the prime factors of 376616?
2, 179, 263
List the prime factors of 307245.
3, 5, 20483
List the prime factors of 4050253.
4050253
What are the prime factors of 66133?
41, 1613
List the prime factors of 6220949.
7, 71, 12517
What are the prime factors of 7947709?
7, 11, 103217
What are the prime factors of 405276?
2, 3, 33773
List the prime factors of 527402.
2, 19, 13879
List the prime factors of 1114887.
3, 47, 7907
List the prime factors of 429700.
2, 5, 4297
List the prime factors of 2210216.
2, 276277
List the prime factors of 601461.
3, 7, 9547
List the prime factors of 6065105.
5, 1213021
What are the prime factors of 3994937?
3994937
What are the prime factors of 2358435?
3, 5, 157229
What are the prime factors of 1218615?
3, 5, 137, 593
What are the prime factors of 6327422?
2, 47, 83, 811
What are the prime factors of 3117271?
41, 76031
List the prime factors of 1649980.
2, 5, 82499
List the prime factors of 5120507.
7, 731501
List the prime factors of 4369460.
2, 5, 197, 1109
What are the prime factors of 166581?
3, 83, 223
List the prime factors of 248390.
2, 5, 59, 421
What are the prime factors of 1848003?
3, 31, 641
List the prime factors of 35366.
2, 17683
What are the prime factors of 976488?
2, 3, 23, 29, 61
List the prime factors of 603815.
5, 120763
What are the prime factors of 2966448?
2, 3, 23, 2687
What are the prime factors of 561687?
3, 7, 3821
List the prime factors of 35185331.
23, 1529797
What are the prime factors of 1357878?
2, 3, 226313
List the prime factors of 20311967.
13, 23, 67933
List the prime factors of 141709.
141709
What are the prime factors of 858897?
3, 13, 2447
List the prime factors of 22270309.
137, 162557
What are the prime factors of 453564?
2, 3, 43, 293
What are the prime factors of 613451?
613451
List the prime factors of 3297980.
2, 5, 7, 23557
What are the prime factors of 32264990?
2, 5, 3226499
What are the prime factors of 12165271?
397, 30643
What are the prime factors of 186655?
5, 7, 5333
List the prime factors of 277131.
3, 92377
List the prime factors of 203605.
5, 43, 947
List the prime factors of 112883.
157, 719
What are the prime factors of 19049340?
2, 3, 5, 317489
What are the prime factors of 325402?
2, 7, 11, 2113
What are the prime factors of 425158?
2, 212579
List the prime factors of 24302415.
3, 5, 1620161
What are the prime factors of 2632697?
19, 138563
What are the prime factors of 21405559?
7, 167, 18311
What are the prime factors of 4352843?
11, 19, 59, 353
List the prime factors of 228097.
228097
List the prime factors of 2382162.
2, 3, 397027
What are the prime factors of 5755922?
2, 59, 48779
What are the prime factors of 1378184?
2, 19, 9067
List the prime factors of 31428.
2, 3, 97
What are the prime factors of 174182?
2, 17, 47, 109
List the prime factors of 304841.
223, 1367
List the prime factors of 331799.
13, 25523
List the prime factors of 2711614.
2, 1355807
List the prime factors of 338594.
2, 79, 2143
What are the prime factors of 1596225?
3, 5, 21283
List the prime factors of 7798951.
7798951
List the prime factors of 304727.
23, 13249
List the prime factors of 9731963.
1409, 6907
List the prime factors of 10829746.
2, 67, 80819
What are the prime factors of 6722960?
2, 5, 19, 4423
List the prime factors of 10688278.
2, 5344139
What are the prime factors of 8690650?
2, 5, 73, 2381
What are the prime factors of 154873?
154873
List the prime factors of 43748.
2, 10937
What are the prime factors of 1766292?
2, 3, 11, 13381
List the prime factors of 652372.
2, 7, 23, 1013
What are the prime factors of 501712?
2, 31357
List the prime factors of 260368.
2, 16273
What are the prime factors of 405500?
2, 5, 811
List the prime factors of 300589.
300589
What are the prime factors of 1027486?
2, 257, 1999
List the prime factors of 726081.
3, 173, 1399
What are the prime factors of 124344?
2, 3, 11, 157
What are the prime factors of 25972?
2, 43, 151
What are the prime factors of 2045665?
5, 89, 4597
List the prime factors of 1721009.
1721009
List the prime factors of 132915.
3, 5, 8861
What are the prime factors of 50353?
43, 1171
List the prime factors of 510230.
2, 5, 7, 37, 197
What are the prime factors of 2904199?
1103, 2633
List the prime factors of 9910404.
2, 3, 7, 13109
List the prime factors of 39560015.
5, 11, 317, 2269
List the prime factors of 10603496.
2, 859, 1543
What are the prime factors of 2653998?
2, 3, 442333
What are the prime factors of 27435537?
3, 29, 37, 947
What are the prime factors of 2066050?
2, 5, 7, 5903
List the prime factors of 2403196.
2, 19, 103, 307
What are the prime factors of 4491519?
3, 17, 88069
List the prime factors of 3598985.
5, 13, 17, 3257
List the prime factors of 520643.
71, 7333
What are the prime factors of 409502?
2, 204751
List the prime factors of 9392575.
5, 375703
What are the prime factors of 909702?
2, 3, 50539
What are the prime factors of 285481?
7, 17, 2399
What are the prime factors of 61085?
5, 19, 643
List the prime factors of 15782962.
2, 13, 607037
What are the prime factors of 12601412?
2, 229, 13757
List the prime factors of 38094961.
38094961
List the prime factors of 1002525.
3, 5, 13367
List the prime factors of 1235193.
3, 199, 2069
List the prime factors of 18209991.
3, 6069997
What are the prime factors of 10785937?
1601, 6737
List the prime factors of 288494.
2, 144247
List the prime factors of 502812.
2, 3, 13967
List the prime factors of 2481082.
2, 17, 72973
List the prime factors of 1943452.
2, 7, 31, 2239
What are the prime factors of 10525531?
487, 21613
List the prime factors of 186657.
3, 62219
List the prime factors of 243028.
2, 60757
What are the prime factors of 423475?
5, 13, 1303
What are the prime factors of 1659000?
2, 3, 5, 7, 79
What are the prime factors of 7419057?
3, 2473019
What are the prime factors of 481246?
2, 240623
List the prime factors of 405009.
3, 11, 4091
List the prime factors of 37352.
2, 7, 23, 29
List the prime factors of 309599.
309599
List the prime factors of 3201390.
2, 3, 5, 71, 167
List the prime factors of 2045751.
3, 389, 1753
List the prime factors of 694.
2, 347
List the prime factors of 997441.
17, 23, 2551
List the prime factors of 667855.
5, 133571
List the prime factors of 13504701.
3, 7, 643081
List the prime factors of 3695163.
3, 1231721
What are the prime factors of 2354148?
2, 3, 65393
List the prime factors of 517544.
2, 64693
What are the prime factors of 31330225?
5, 89,